What are the prime factors of b?
2
Let s(q) = -4*q**3 + 24*q**2 + 14*q + 22. Let m(z) = -z**3 + 8*z**2 + 5*z + 7. Let n(r) = 7*m(r) - 2*s(r). What are the prime factors of n(-7)?
5
Let y(h) = h**2 - 4*h - 12. Let t be y(10). Suppose -10*w = -12*w + t. List the prime factors of w.
2, 3
Let a be 3 - (-4)/(2 + 0). Suppose a*j + 5*t = 20, -2*j - 17 = -5*j + 2*t. Suppose 3*n + 2 = j*s + 34, -2*s - 12 = -n. What are the prime factors of n?
2
Suppose l + 26 = -3*v - 4*l, 4*v = 5*l + 12. Let o(q) = 6*q**2 + 2*q. List the prime factors of o(v).
2, 5
Let j(t) = -t**3 - 2*t**2 + 5*t - 3. Let q(l) = l**3 + 2*l**2 + l - 1. Let c be q(-2). Let y = -7 - c. What are the prime factors of j(y)?
3
Let h(o) = -2*o**3 - 2*o**2 + 4*o. Let p be h(-3). Let w = p + -15. Suppose -41 = -5*r + w. What are the prime factors of r?
2, 5
Let m = 1 - -1. Let c = m - 2. Suppose 0 = -c*t - 3*t + 18. List the prime factors of t.
2, 3
List the prime factors of -2 - 14/(-8) - (-7966)/56.
2, 71
Suppose 2*n + 610 = 3*p, 5*p - n - 404 = 622. List the prime factors of p.
2, 103
Let o(j) = -12*j - 13. What are the prime factors of o(-7)?
71
Suppose 0*b + 4 = b. Suppose 0 = -b*t - t - 120. Let l = t - -42. List the prime factors of l.
2, 3
Let x(s) = -s + 54. List the prime factors of x(9).
3, 5
Suppose -t + 2*t + 6 = 3*x, -3*t + 5*x - 10 = 0. Let d(j) = -j + 2. List the prime factors of d(t).
2
What are the prime factors of (-2381)/(-7) - ((-42)/49 + 1)?
2, 5, 17
Let d(y) = y - 8. Let q be d(11). Suppose -3*k + q = -3*r, 2*r = -k - r + 5. What are the prime factors of k?
2
Let n = -9 - 0. Let j = -6 - n. What are the prime factors of j?
3
Let y be ((-4)/(-14))/((-4)/(-28)). Let t = 12 - y. Suppose t = -5*u + 75. What are the prime factors of u?
13
Let b be 8/4 - (0 + 2). Suppose b = -a + 52 - 6. List the prime factors of a.
2, 23
Let z(v) = -10*v + 3*v - 2*v. Suppose -5*f - 10 = -2*i, -5*f - 4*i + 0 - 10 = 0. What are the prime factors of z(f)?
2, 3
Suppose -5 = 3*u + 5*o - 1, -5*u - 4*o = 11. List the prime factors of 2*u*5/(-2).
3, 5
Let w = -15 - -21. Let d be ((-1)/2)/((-1)/w). Suppose -5*g = -d*g - 6. List the prime factors of g.
3
Let w be 3*2*(-2)/(-4). Let n be 11/w - 2/3. Suppose 0 = -5*s + n*s + 8. List the prime factors of s.
2
What are the prime factors of (8 - 2) + -8 - -2*169?
2, 3, 7
Let l(k) = -k**3 - 2*k**2 - 2*k. Let u be l(-2). Let v = 1 + u. What are the prime factors of v?
5
Let s(z) = -2*z. List the prime factors of s(-4).
2
List the prime factors of (-11)/2*(-16 - (-1 - 3)).
2, 3, 11
Suppose 1096 = 4*a - 2*o, -4*o + 24 = 8. List the prime factors of a.
2, 3, 23
Let j(x) = -x + 8. Let c be j(6). Suppose c*l - 16 = 6*l. Let b = 4 - l. List the prime factors of b.
2
Suppose -72 = -v + 10. Let b = v + -56. List the prime factors of b.
2, 13
Let h = -2 - -4. Suppose 2 + h = x. Suppose -4 = -x*m + 2*m. List the prime factors of m.
2
Let f(w) = w**3 + 6*w**2 + 3*w - 4. Let d = -4 + 1. What are the prime factors of f(d)?
2, 7
Let i be (4/(-6))/((-2)/(-6)). Let s be ((-8)/(-12))/(i/(-12)). Let q(n) = n**3 - 2*n**2 - 6*n + 5. List the prime factors of q(s).
13
Let l = 61 + -3. What are the prime factors of l?
2, 29
Let z be (-26)/(-10) + 2/5. Suppose z*m + 4*y - 43 = 0, 3*m + 0*y - 40 = -y. What are the prime factors of m?
13
Let w = -124 - -214. What are the prime factors of w?
2, 3, 5
Suppose 2*z + 7 = -0*z + s, 4*z + 19 = 3*s. Let r be (-4)/(-4 - -1 - z). List the prime factors of (-1 + 3)/(1/r).
2
Suppose -25 - 7 = -8*t. List the prime factors of t.
2
Let p be 16/(-24) + (-236)/(-3). Suppose -p = -3*j - 0*j. What are the prime factors of j?
2, 13
Let y(b) = -b**2 + 5*b + 14. Let u be y(8). Suppose 3*s = -3*j, -j - 3*j = 4. Let p = s - u. List the prime factors of p.
11
Suppose 0*d + 2*d + 40 = 0. Let z = -10 - d. What are the prime factors of z?
2, 5
Let h(l) = -l - 5. Let t be h(-5). Suppose t = -5*q + 4*d + 3 + 10, -2*q = -3*d - 1. What are the prime factors of q?
5
List the prime factors of 4/(-12)*2/((-8)/1284).
107
Let w(y) = -y**3 + 3*y**2 - 4. Let k be w(3). Let t be 2*1/k*2. Let z = 5 - t. List the prime factors of z.
2, 3
Let w(b) = 3 - 4 + 2*b**2 + 1 - 1. Let c(h) = -h**2 - 7*h - 4. Let o be c(-6). List the prime factors of w(o).
7
Let l(h) = -h**2 - 3*h - 3. Let t be l(-3). What are the prime factors of (-2 + (-12)/t)*22?
2, 11
Let t(v) = v**2 + 6*v + 7. Suppose 3*h + 2*h = 5*n + 20, 1 = -n + 4*h. Let j be t(n). Suppose -j*d = 2*d - 8. What are the prime factors of d?
2
Let s(z) = -z**3 + 6*z**2 + 8*z. Suppose -3*r - 2 = -r, -5*r - 19 = -2*h. What are the prime factors of s(h)?
7
Let g = 18 + -36. Let h = 36 + g. What are the prime factors of h?
2, 3
Suppose 0 = -5*x + 87 + 48. What are the prime factors of x?
3
Suppose -3*s + 4*s - 2 = 0. Suppose s*m - 5*m + 9 = 0. Suppose 3*z + 36 = 3*v, 5*v + 4*z - m*z = 42. List the prime factors of v.
3
Suppose -1 + 7 = -2*z. Let f = -4 - z. List the prime factors of 2 - f/(1/9).
11
Suppose -4*u + 10 - 2 = 0. What are the prime factors of 2*(14 - (3 - u))?
2, 13
Let z = 69 + -1. What are the prime factors of z?
2, 17
Suppose c - 3*c = 0. Suppose 5*i - 3 - 12 = c. What are the prime factors of 10/((6/2)/i)?
2, 5
Let j be 3/6*2 + 328. What are the prime factors of j/28 - 6/8?
11
Suppose 5*j = 5*k + 95, -k - 4*k = -4*j + 77. Suppose u - 3*l = -17, l = u + 9 + j. Let a = u + 45. What are the prime factors of a?
13
Suppose -5*v - 90 = -0*v. Let b = 2 + -4. Let j = b - v. List the prime factors of j.
2
Let s = 452 + -292. What are the prime factors of s?
2, 5
Let j be (-16)/(-3) - (-2)/(-6). Suppose 0 = -5*b - 6*b + 22. Suppose b*s - 24 = -2*q, 58 = -0*q + j*q + 3*s. List the prime factors of q.
11
Suppose 351 = 5*a - 229. Suppose 3*u = -u + a. Suppose -4*c + 3*p = -u, 5*p = -5*c + 77 + 3. What are the prime factors of c?
11
Let l = -11 - -39. Suppose 3*u + u = l. Let b = u + -5. List the prime factors of b.
2
Let d be 3/(-6*(-2)/16). List the prime factors of (1 - -2) + d/2.
5
Suppose 0 = -3*g + 107 + 73. Suppose 12 = 4*b, -9 = 2*t - b - g. What are the prime factors of t?
3
Let w be (-18)/(0 - (0 + 2)). List the prime factors of (-3 - 0)/(w/(-24)).
2
Let j = -56 - -111. What are the prime factors of j?
5, 11
Suppose -2*x - 5 = -2*z - 3, 0 = -5*z - 2*x + 33. Suppose 4*c = -5*n + 35, z = -3*c + 4*c. Suppose 0*k = -k + n. What are the prime factors of k?
3
Suppose 5*o + y + 8 = -y, -3*o = 5*y + 20. Let d(u) = u + o*u**3 + u**2 + 4 + u**3 + 4. List the prime factors of d(0).
2
Let p = -120 + 345. List the prime factors of p.
3, 5
Let n(x) = -4*x + 67. List the prime factors of n(-9).
103
Let p = 26 - 9. Suppose -3*o + p = 4*r - 0*r, -2*o = r - 13. What are the prime factors of o?
7
Let i(v) = -2*v**2 + 6*v + 6. Let t be i(5). Let j = 25 + t. List the prime factors of j.
11
Let j be 8 - 1/((-1)/(-1)). Suppose 5*c = 8 + j. Let x(z) = -z**3 + 3*z**2 + z + 3. What are the prime factors of x(c)?
2, 3
Suppose 219 = a + 4*o, -3*o = -0*a - a + 184. What are the prime factors of a?
199
Let h be (-8)/4*1/(-2). Suppose -h = -4*f + 159. What are the prime factors of f?
2, 5
Let v = -3 - -3. Let r = 2 - v. List the prime factors of r.
2
Suppose -h - 3*y - 41 = 0, 0 = -0*h - 3*h - y - 83. List the prime factors of 4/12 + h/(-3).
3
Let a(n) = n**2 - 6. What are the prime factors of a(4)?
2, 5
Suppose 9 = 3*q, 6*y + 2*q = 3*y + 18. Suppose -y*a + 20 = -56. List the prime factors of a.
19
Suppose 2*k - 6*k - 12 = 0. What are the prime factors of 18/(k/(-6)*4)?
3
Suppose 0 = -3*r - q - 3*q + 139, 0 = 4*r - 3*q - 227. List the prime factors of r.
53
Suppose -8 = 2*n - 2*d, -7 - 5 = -5*n - 3*d. Suppose r + 3*r - 28 = n. What are the prime factors of r?
7
Suppose -3*b = -4*o + 108, 5*b = -0*o - 2*o + 80. Let a be (1 + 0)/(6/o). Suppose a*u - 23 = 32. List the prime factors of u.
11
Suppose 0 + 18 = m. Suppose h - m = -6. List the prime factors of h.
2, 3
Let c be -1 - (-6*2 + 0). Suppose 2*a = -5*p - 27, -2*p + a = -4*p - c. Let b = p + 10. List the prime factors of b.
5
Suppose l = 3*l - 12. What are the prime factors of l?
2, 3
Suppose 6*k + 12 = 288. List the prime factors of k.
2, 23
Let d(c) = -c + 8. Let b be d(6). Suppose -4*a + 34 = -6. Let o = a - b. What are the prime factors of o?
2
Let v = 37 + -24. What are the prime factors of v?